
{"id":84,"date":"2025-12-07T19:13:21","date_gmt":"2025-12-07T19:13:21","guid":{"rendered":"https:\/\/www.yoplaci.com\/?page_id=84"},"modified":"2026-01-02T17:28:38","modified_gmt":"2026-01-02T17:28:38","slug":"opportunites","status":"publish","type":"page","link":"https:\/\/www.yoplaci.com\/?page_id=84","title":{"rendered":"Opportunit\u00e9s"},"content":{"rendered":"\n<div class=\"wp-block-buttons is-content-justification-right is-layout-flex wp-container-core-buttons-is-layout-02b0700d wp-block-buttons-is-layout-flex\">\n<div class=\"wp-block-button\"><a class=\"wp-block-button__link has-text-align-center wp-element-button\" href=\"https:\/\/www.yoplaci.com\/?page_id=172\">Postuler au projet<\/a><\/div>\n<\/div>\n\n\n\n<div class=\"wp-block-media-text is-stacked-on-mobile\"><figure class=\"wp-block-media-text__media\"><img decoding=\"async\" src=\"https:\/\/www.yoplaci.com\/wp-content\/uploads\/2025\/12\/ChatGPT-Image-11-dec.-2025-06_04_41-683x1024.png\" alt=\"\" class=\"wp-image-105 size-full\"\/><\/figure><div class=\"wp-block-media-text__content\">\n<p><strong>NOUVEAU : Projet Jeunes Vendeurs Yoplaci !<\/strong> \ud83c\udf1f<\/p>\n\n\n\n<p>Tu es jeune, motiv\u00e9(e) et tu veux gagner de l\u2019argent chaque jour ?<br>Rejoins notre programme <strong>sans aucun apport initial<\/strong> !<\/p>\n\n\n\n<p>\ud83d\uded2 Yoplaci te met \u00e0 disposition :<br>\u2714\ufe0f Un chariot complet<br>\u2714\ufe0f Des produits en gros<br>\u2714\ufe0f Aucun frais de d\u00e9part<\/p>\n\n\n\n<p>\ud83d\udcb0 <strong>Chaque jour, tu vends \u2013 tu verses \u2013 tu gardes ton b\u00e9n\u00e9fice.<\/strong><br>C\u2019est simple, rapide et rentable !<\/p>\n\n\n\n<p>\ud83d\udc65 Ouvert aux jeunes filles et gar\u00e7ons<br>\ud83d\udccd Opportunit\u00e9 disponible imm\u00e9diatement<\/p>\n<\/div><\/div>\n\n\n\n<div class=\"wp-block-media-text is-stacked-on-mobile\"><figure class=\"wp-block-media-text__media\"><img loading=\"lazy\" decoding=\"async\" width=\"683\" height=\"1024\" src=\"https:\/\/www.yoplaci.com\/wp-content\/uploads\/2025\/12\/ChatGPT-Image-11-dec.-2025-06_11_47-683x1024.png\" alt=\"\" class=\"wp-image-106 size-full\" srcset=\"https:\/\/www.yoplaci.com\/wp-content\/uploads\/2025\/12\/ChatGPT-Image-11-dec.-2025-06_11_47-683x1024.png 683w, https:\/\/www.yoplaci.com\/wp-content\/uploads\/2025\/12\/ChatGPT-Image-11-dec.-2025-06_11_47-600x900.png 600w, https:\/\/www.yoplaci.com\/wp-content\/uploads\/2025\/12\/ChatGPT-Image-11-dec.-2025-06_11_47-200x300.png 200w, https:\/\/www.yoplaci.com\/wp-content\/uploads\/2025\/12\/ChatGPT-Image-11-dec.-2025-06_11_47-768x1152.png 768w, https:\/\/www.yoplaci.com\/wp-content\/uploads\/2025\/12\/ChatGPT-Image-11-dec.-2025-06_11_47.png 1024w\" sizes=\"auto, (max-width: 683px) 100vw, 683px\" \/><\/figure><div class=\"wp-block-media-text__content\">\n<p>Pour rejoindre le <strong>Projet Jeunes Vendeurs Yoplaci<\/strong>, nous demandons :<\/p>\n\n\n\n<h3 class=\"wp-block-heading\"><strong>\ud83d\udccc Conditions :<\/strong><\/h3>\n\n\n\n<ul class=\"wp-block-list\">\n<li>Avoir une <strong>bonne hygi\u00e8ne<\/strong><\/li>\n\n\n\n<li>Pr\u00e9senter une <strong>pi\u00e8ce d\u2019identit\u00e9 valide<\/strong><\/li>\n\n\n\n<li>Fournir <strong>deux photos d\u2019identit\u00e9<\/strong><\/li>\n<\/ul>\n\n\n\n<h3 class=\"wp-block-heading\"><strong>\ud83d\udd25 Esprit de travailleurs :<\/strong><\/h3>\n\n\n\n<p>Nous recherchons des jeunes avec un <strong>esprit de tirailleur<\/strong>, c\u2019est-\u00e0-dire :<\/p>\n\n\n\n<ul class=\"wp-block-list\">\n<li>Motiv\u00e9s \u00e0 atteindre leurs objectifs jour apr\u00e8s jour<\/li>\n<\/ul>\n\n\n\n<ul class=\"wp-block-list\">\n<li>Courageux<\/li>\n<\/ul>\n\n\n\n<ul class=\"wp-block-list\">\n<li>Disciplin\u00e9s<\/li>\n<\/ul>\n\n\n\n<ul class=\"wp-block-list\">\n<li>D\u00e9termin\u00e9s<\/li>\n<\/ul>\n\n\n\n<ul class=\"wp-block-list\">\n<li>Pr\u00eats \u00e0 relever chaque d\u00e9fi<\/li>\n<\/ul>\n<\/div><\/div>\n\n\n\n<div class=\"wp-block-media-text is-stacked-on-mobile\"><figure class=\"wp-block-media-text__media\"><img loading=\"lazy\" decoding=\"async\" width=\"683\" height=\"1024\" src=\"https:\/\/www.yoplaci.com\/wp-content\/uploads\/2026\/01\/ChatGPT-Image-22-dec.-2025-17_18_25-683x1024.png\" alt=\"\" class=\"wp-image-235 size-full\" srcset=\"https:\/\/www.yoplaci.com\/wp-content\/uploads\/2026\/01\/ChatGPT-Image-22-dec.-2025-17_18_25-683x1024.png 683w, https:\/\/www.yoplaci.com\/wp-content\/uploads\/2026\/01\/ChatGPT-Image-22-dec.-2025-17_18_25-200x300.png 200w, https:\/\/www.yoplaci.com\/wp-content\/uploads\/2026\/01\/ChatGPT-Image-22-dec.-2025-17_18_25-768x1152.png 768w, https:\/\/www.yoplaci.com\/wp-content\/uploads\/2026\/01\/ChatGPT-Image-22-dec.-2025-17_18_25-600x900.png 600w, https:\/\/www.yoplaci.com\/wp-content\/uploads\/2026\/01\/ChatGPT-Image-22-dec.-2025-17_18_25.png 1024w\" sizes=\"auto, (max-width: 683px) 100vw, 683px\" \/><\/figure><div class=\"wp-block-media-text__content\">\n<p>\ud83d\udd35 <strong>Lance ton business avec YOPLACI !<\/strong> \ud83d\udd35<\/p>\n\n\n\n<p>\ud83d\udcb0 <strong>Avec seulement 10 000 FCFA<\/strong>, tu peux d\u00e9marrer ton propre business \ud83d\ude80<\/p>\n\n\n\n<p>\ud83e\udd5b <strong>Les produits Yoplaci sont moins chers<\/strong>,<br>\ud83d\udcc8 <strong>se vendent facilement<\/strong><br>\ud83d\udcb5 <strong>et t\u2019offrent un tr\u00e8s bon b\u00e9n\u00e9fice au quotidien<\/strong><\/p>\n\n\n\n<p>\ud83d\udc49 Yaourts naturels<br>\ud83d\udc49 Lait d\u00eagu\u00ea appr\u00e9ci\u00e9 de tous<br>\ud83d\udc49 Marque locale, qualit\u00e9 garantie<\/p>\n\n\n\n<p>\ud83d\udcbc <strong>Id\u00e9al pour :<\/strong><\/p>\n\n\n\n<ul class=\"wp-block-list\">\n<li>Jeunes entrepreneurs<\/li>\n\n\n\n<li>Femmes dynamiques<\/li>\n\n\n\n<li>Revendeurs de quartier<\/li>\n<\/ul>\n\n\n\n<p><\/p>\n\n\n\n<p><\/p>\n<\/div><\/div>\n","protected":false},"excerpt":{"rendered":"<p>NOUVEAU : Projet Jeunes Vendeurs Yoplaci ! \ud83c\udf1f Tu es jeune, motiv\u00e9(e) et tu veux gagner de l\u2019argent chaque jour ?Rejoins notre programme sans aucun apport initial ! \ud83d\uded2 Yoplaci te met \u00e0 disposition :\u2714\ufe0f Un chariot complet\u2714\ufe0f Des produits en gros\u2714\ufe0f Aucun frais de d\u00e9part \ud83d\udcb0 Chaque jour, tu vends \u2013 tu verses \u2013 [&hellip;]<\/p>\n","protected":false},"author":1,"featured_media":0,"parent":0,"menu_order":0,"comment_status":"closed","ping_status":"closed","template":"","meta":{"footnotes":""},"class_list":["post-84","page","type-page","status-publish","hentry"],"jetpack_sharing_enabled":true,"_links":{"self":[{"href":"https:\/\/www.yoplaci.com\/index.php?rest_route=\/wp\/v2\/pages\/84","targetHints":{"allow":["GET"]}}],"collection":[{"href":"https:\/\/www.yoplaci.com\/index.php?rest_route=\/wp\/v2\/pages"}],"about":[{"href":"https:\/\/www.yoplaci.com\/index.php?rest_route=\/wp\/v2\/types\/page"}],"author":[{"embeddable":true,"href":"https:\/\/www.yoplaci.com\/index.php?rest_route=\/wp\/v2\/users\/1"}],"replies":[{"embeddable":true,"href":"https:\/\/www.yoplaci.com\/index.php?rest_route=%2Fwp%2Fv2%2Fcomments&post=84"}],"version-history":[{"count":14,"href":"https:\/\/www.yoplaci.com\/index.php?rest_route=\/wp\/v2\/pages\/84\/revisions"}],"predecessor-version":[{"id":237,"href":"https:\/\/www.yoplaci.com\/index.php?rest_route=\/wp\/v2\/pages\/84\/revisions\/237"}],"wp:attachment":[{"href":"https:\/\/www.yoplaci.com\/index.php?rest_route=%2Fwp%2Fv2%2Fmedia&parent=84"}],"curies":[{"name":"wp","href":"https:\/\/api.w.org\/{rel}","templated":true}]}}